t h(y) be the second derivative of y**4/12 - y**2/2 + y. Give h(u).
8
Let w(i) = 4*i - 100. Let n be w(25). Let y(r) be the second derivative of n - 1/6*r**3 + r**2 + r. Determine y(3).
-1
Let n(u) = 3*u**2 + 4 - 18 + 17 + 0 + 0 + 4*u. What is n(-1)?
2
Let o = -848 - -850. Let m(q) be the first derivative of -q**4/4 - q**3/3 - 2*q**2 + 3*q + 3. Determine m(o).
-17
Let t(n) be the first derivative of -n**5/120 - n**4/6 + 2*n**3 + 2. Let x(o) be the third derivative of t(o). Let y be x(-7). Let u(k) = k - 6. What is u(y)?
-3
Let g be (-5 - -1 - 0) + 14/2. Let x(q) = -11 + 5*q + 5*q**2 + 6 - q**g + 4. Calculate x(6).
-7
Let f(g) = 11*g + 1 - 6*g - 3*g - 5*g. Let d(n) = n**3 + 12*n**2 + 2*n + 26. Let v be d(-12). What is f(v)?
-5
Let n(p) = 213 - 434 + 217 - 4*p. What is n(-5)?
16
Let k(g) = g**2 - 11*g + 3. Let i(w) = -9*w - 193. Let u be i(-22). Calculate k(u).
-27
Let o(a) = 4*a + 4. Let q(t) = -2*t + 11. Let w(h) = h - 5. Let j(l) = 6*q(l) + 13*w(l). Let i(b) = 9*j(b) - 2*o(b). Let k = 60843 + -60845. Give i(k).
-1
Let l(w) = w**2 - 5*w - 2. Suppose -z - 19 = -27. Determine l(z).
22
Let y = 1481 - 815. Let d(v) = 1337 - 670 + 4*v - y. Let w be (-10)/4 + 2/4. Calculate d(w).
-7
Let h(c) = c - 1. Let q be 1462/6 - (-2)/(-3). Let t be q/15 - (-1)/(-5). Let d = -21 + t. Determine h(d).
-6
Let q(d) = -3*d - 1. Suppose 3*u = 5*f - 0 - 5, 3*u = 2*f - 2. Suppose -2*o + 2*n = -7*o - 12, u = 2*o + 5*n + 9. What is q(o)?
5
Let w(a) = -a - 6. Suppose 5*h = -8 - 42. Let n be (48/40)/(2/h). Give w(n).
0
Let z(y) = y**3 + 7*y**2 - 5*y + 7. Let r(h) = -h**2 + 6*h + 43. Let u be r(8). Suppose -2*o - 13 = -b - 2*b, 5*b - u = 4*o. Calculate z(o).
-17
Let s(w) = 1 + 1 + w + 5*w + 196*w**2 - 195*w**2. Let i(z) = z**3 + 7*z**2 + 8*z + 7. Let c be i(-6). Give s(c).
-3
Suppose -z = -4*l + 6, 0 = 4*z - 3*l - 2. Suppose o + z*f - 23 = -f, -f = 0. Suppose 5*m - o = -8. Let x(a) = a**3 - 2*a**2. What is x(m)?
9
Let i(c) = -c**3 - 7*c**2 - 10*c + 3. Let p(h) = -6*h**3 - 35*h**2 - 51*h + 15. Let k(t) = 11*i(t) - 2*p(t). What is k(8)?
3
Let m = -2 + 1. Let s(d) = 4*d**2 + 9*d + 4. Let i(g) = -9*g - 5*g**2 - 6*g - 5 + 4*g. Let f(q) = 5*i(q) + 6*s(q). What is f(m)?
-1
Let y be 0 + 0 + 0 + (7 - 6). Let b(w) = w**3 + w. Suppose 14 = -3*u - 1. Let l(f) = 4*f**3 + f**2 + 4*f - 6. Let q(c) = u*b(c) + y*l(c). What is q(0)?
-6
Let q(k) = 3*k**2 - 1. Let f(b) = -3*b + 38. Let z be (-4)/22 + (-178)/(-11) + -3. Let r be f(z). Determine q(r).
2
Suppose -6 = -d + 3*p, -28 = -3*d - 0*d + 4*p. Let n(a) be the second derivative of a**4/12 - 2*a**3 - 2*a**2 + 927*a. Determine n(d).
-4
Let m be 5 + 1/(-2)*-2. Let u(j) = 3*j + 1. Let o(h) = -16*h - 9. Let d(n) = -2*o(n) - 11*u(n). What is d(m)?
1
Let o be -2 + (-112)/(-52) + 41/(-13). Let y(p) = p + 2. Give y(o).
-1
Suppose 2*o - 12*c + 8*c = 6, 8*o + 4*c = -16. Let y(b) = -17*b**2 - 1. Determine y(o).
-18
Let o(c) = -2*c + 1. Let n(k) = k**3 + k**2 + k + 2. Let l be n(0). Suppose 2*v = -2*p + 10, -l*v = 3*p + 2*v - 15. Let r = p + -3. Determine o(r).
-3
Let v(u) = -u**3 + 3*u**2 + 7*u + 1. Let y be v(5). Let a = 8 + y. Let h(l) be the first derivative of -l**3/3 - 4*l**2 - 7*l + 192. Give h(a).
5
Let n(g) = 15*g - 14*g - 1 - 6 + 0. Let d be (2 - -1)/(1/3). What is n(d)?
2
Let q(b) = 13*b**3 + 11*b**2 + 7*b + 5. Let s(x) = 11*x**3 + 10*x**2 + 5*x + 4. Let f(v) = 5*q(v) - 6*s(v). What is f(-6)?
7
Let n(w) = 33 - 88 - 12*w + 32 + 24. Let a(k) = -25*k + 2. Suppose -3*m + 0*m + 27 = 0. Let h(t) = m*n(t) - 4*a(t). Determine h(-2).
17
Suppose 10*t = 15*t. Suppose -k - 13 = 2*o, t = 5*k + 5*o + 3 + 37. Let q(r) = -5 - r + 5*r**3 - 3*r**2 + 2 - 8*r**3 + 2*r**3. What is q(k)?
0
Let m(c) = c**3 + 21*c**2 - 21*c + 24. Let q be m(-22). Let h(z) = -z**2 + 3*z - 4. What is h(q)?
-2
Let c(x) = 3*x**3 + 3*x - 7. Let a(k) = -7*k**3 - 7*k + 15. Let z(t) = -2*a(t) - 5*c(t). Suppose 2*u = 2 - 2. Calculate z(u).
5
Let c(j) = 9*j**3 - 17*j**2 - 7*j - 9. Let i(w) = -4*w**3 + 8*w**2 + 3*w + 4. Let y(p) = -3*c(p) - 7*i(p). Let t = -5 + 10. Give y(t).
-1
Suppose -3*p + 7*p = 3*q + 41, 3*p = -q + 21. Suppose -3*f + 7*f = -p. Let r(k) = 47*k - 24. Let o(t) = 32*t - 17. Let g(d) = 10*o(d) - 7*r(d). Give g(f).
16
Let c(a) = 18*a**3 + 3*a**2 + a + 2. Let q(b) = -19*b**3 - 4*b**2 - 2*b - 3. Let l = 10 - 13. Let k(x) = l*c(x) - 2*q(x). What is k(1)?
-16
Let z be (12*1)/(-1 - -3). Let c(u) = z*u - 8 + 10*u - 13*u. What is c(6)?
10
Let n(p) be the first derivative of 8*p + 1/6*p**3 - 10 + p**2. Let l(a) be the first derivative of n(a). Calculate l(-4).
-2
Let f(z) = -z**2 - 6*z - 2. Suppose -40 = -2*q - 5*u, -2*q - 32 = -4*q - u. Let g(t) = q*t + 12*t - 29*t + 2. Let h be g(4). Give f(h).
-2
Let y(k) = 6*k - 6. Let n be ((-10)/8 + 0)*(7 - 11). What is y(n)?
24
Let y = -15 + 15. Suppose s + y*s = 0. Let u(t) = -1 - 1 - t**2 + 6*t - 2*t + s*t. Calculate u(5).
-7
Let s(o) = -o**2 - 8*o - 6. Suppose -5*r + 82 = -4*c, 3*r + 4*c - 30 = -0*r. Let k be r/(-3)*-5*3/(-10). What is s(k)?
1
Let w be (-3)/(8/(192/(-18))*2). Let i(u) be the second derivative of 2*u**2 - 1/6*u**3 + 0 + w*u. What is i(4)?
0
Let g(k) = -7*k**2 - 20 - 5*k - 10 - k**3 - 9 + 31. What is g(-6)?
-14
Let g(y) be the third derivative of 5*y**4/8 + y**3/6 + 33*y**2 - 2. Determine g(-1).
-14
Suppose 13*a - 11*a + 2*x = -6, x - 15 = 5*a. Let h(j) = -2*j**3 + j**2 + 3*j + 2. What is h(a)?
56
Suppose 0 = -2*m - 3*s + 4, 14 - 2 = 2*m - s. Let h(g) = g**3 - 5*g**2 - 7*g + 11. Let v be h(6). Let t(z) = -v + 2 - 4 + 1 + 2*z. What is t(m)?
4
Let v(i) = i**3 + 17*i**2 + 2*i + 16. Let z be v(-17). Let r be (2 - 8)*(-6)/z. Let l(q) = -6*q**2 - 3*q - 1. Calculate l(r).
-19
Let c(s) = -17 + 0*s + 0*s + 36 - 2*s. What is c(-13)?
45
Let w(g) = 5*g + 45. Let d(a) = 2*a + 21. Let u(k) = -13*d(k) + 6*w(k). Determine u(2).
5
Let s(w) = -w**2 + 3*w - 4. Let f(v) = v + 4 + 3 - 2 + 2. Let z be f(-3). Determine s(z).
-8
Let a(s) = -3*s + 11. Let w be a(5). Let k be (10/6)/(w/(-12)). Let x(t) = -t - 6. Let i(j) = -3*j - 12. Let z(f) = 2*i(f) - 5*x(f). Calculate z(k).
1
Let k(n) be the second derivative of n**3/2 - n**2 + 2*n - 286. Let h be ((-16)/20)/(2/20). Determine k(h).
-26
Suppose 4*u + 5 = -19. Let l be u/(-2)*(-2)/(-6). Let a(v) = -37*v - 130. Let s(w) = 20*w + 71. Let q(p) = 6*a(p) + 11*s(p). Determine q(l).
-1
Suppose -z + 1 = -3*w, -3*w + 9 = -3*z - 6*w. Let x(q) = 3*q**2 + q. Determine x(z).
10
Let t(o) = o + 6. Let i(l) be the second derivative of -l**3/6 - 3*l**2 + 6*l. Let s(y) = -6*i(y) - 5*t(y). Give s(-5).
1
Let m(r) = -60*r + 20. Let j be m(-5). Let q be (-1)/(-3) - j/96. Let l(t) = -t**3 - 2*t**2 + 2*t. What is l(q)?
3
Let h(m) = 12*m - 337. Let d be h(27). Let n(f) = f**2 + 14*f - 2. What is n(d)?
-15
Suppose 0 = 4*j - 23 - 65. Let p be j/18 - (-5)/(180/(-8)). Let x(h) = 2*h**3 + h**2 - h. What is x(p)?
2
Let h(t) = 3*t - 87 + 89 + 0*t - 2*t. Give h(6).
8
Let b(s) = 8 - s**3 - 19 + 3 + s + 0*s**3. Suppose -j + 2*j = 0. Suppose v = -j*v. Calculate b(v).
-8
Let c(h) = -616*h + 9 + 625*h + 0. Determine c(-4).
-27
Let k(a) be the third derivative of -a**4/6 - 3*a**2 + 7*a. Calculate k(-4).
16
Let g(x) = -x**2 - x. Suppose -6*j - 4 = -2*j. Let d(v) = v**3 + 4*v**2 + 2*v. Let i be 1*-2 + (-392)/98. Let t(s) = i*g(s) + j*d(s). Give t(3).
3
Let p(n) = n - 11. Let b(u) = u**2. Let k be b(-3). Suppose -3*f + 0*f = -k. Suppose 30 = f*v + 3*v. Give p(v).
-6
Let l(b) = -b - 2. Let o be (-6)/4 + 11/2. Suppose -f + 3*s = 2, -4*s = 3*f - o*f - 4. Suppose 0 = 6*u - f*u + 12. Determine l(u).
4
Let s = -190 + 189. Let f(y) = -7*y**3 + y**2 + y + 1. Determine f(s).
8
Let s = 51 - 8. Let t(b) = 0*b + b**2 + 32 - b - s. Determine t(0).
-11
Let h(n) = -n**3 + 6*n**2 - 5*n + 5. Let l(g) = g**3 - 7*g**2 + 7*g - 6. Let m(f) = 5*h(f) + 4*l(f). Give m(3).
1
Let t = -1 - 3. Let u(b) be the first derivative of 3*b**2/2 + 6*b + 148. What is u(t)?
-6
Suppose 31 - 11 = 4*r. Suppose 4*l - 19 = -4*i + 1, 2*i = -l + r. Let z(p) = p**2 - 4*p - 3. Calculate z(l).
2
Let m(h) be the second derivative of -1/2*h**2 - 1/20*h**5 - 5*h - 2/3*h**3 - 1/3*h**4 + 0. Determine m(-4).
15
Let r = -26 - -27. Let s be ((-10)/(-8))/(r/(-4)). Let t(d) be the first derivative of -d**3/3 - 7*d**2/2 - 4*d + 1. Determine t(s).
6
Let m(c) = -6*c + 5*c + 20 + 0*c. Let h = -230 +